5 = 0. What is the highest common divisor of 622 and l?
2
Let j(t) = t**3 - 12*t**2 + 8*t - 25. Let y be j(11). Let d = -53 - y. Suppose 0 = -2*s + d*s - 33. What is the greatest common factor of 143 and s?
11
Let a(q) = -q**3 - 17*q**2 + 73*q + 102. Let y be a(-21). What is the highest common factor of 594 and y?
9
Let k be (-1)/2*40/80 + 177/4. Let n be 51/(12/4) - 1. Calculate the highest common divisor of n and k.
4
Let a = -9950 - -9995. What is the greatest common divisor of 6030 and a?
45
Let t(i) be the third derivative of 7*i**4/24 + 7*i**3/6 + 89*i**2. Let y be t(19). Calculate the highest common divisor of y and 10.
10
Let q be -5 - (-11 - (-6 - -4)). Let t be 4/(q/(56/7)). What is the highest common factor of t and 88?
8
Let k be ((-1419)/(-172))/(2 + 5530/(-2768)). What is the highest common divisor of k and 519?
173
Let k be (-4)/(16/(-28)) - (-1 - 2). Let b be 12/k*10/12*3. Suppose -4*p = -b*p - 62. What is the highest common factor of 31 and p?
31
Let z = 6152 - 6146. What is the greatest common factor of z and 519?
3
Let t(c) be the first derivative of -4 + 4*c + 1/2*c**2. Let j be t(2). What is the greatest common factor of 30 and j?
6
Suppose 3*t - 236*l - 298 = -261*l, 443 = 3*t - 4*l. Suppose 22 = -2*x + 116. Calculate the greatest common divisor of t and x.
47
Let l(z) = 6*z**3 + 5*z**2 - 5*z + 32. Let d be l(0). Calculate the greatest common factor of 16 and d.
16
Let l(t) = -2*t**3 + 2*t + 90. Let i be 0/(3 - 4)*7/(-7). Let z be l(i). What is the highest common divisor of 72 and z?
18
Let p be (1 + -1)*(-2 - -3). Suppose 37*i - 104 = 29*i. Suppose -i*r + 9*r + 308 = p. Calculate the highest common factor of 7 and r.
7
Let f(w) = -9*w + 36. Let h be f(-10). Suppose -2*c - 2*d = 3*c - 1577, d + 1574 = 5*c. What is the highest common factor of h and c?
63
Let u(n) = 180*n + 3071. Let g be u(-17). Calculate the greatest common divisor of 53779 and g.
11
Suppose -96*a = -23*a - 1187564. What is the greatest common divisor of 14 and a?
14
Let g(m) be the third derivative of m**4/8 - 4*m**3 - 3*m**2. Suppose 16*c = -2*c + 198. Let y be g(c). Calculate the greatest common divisor of y and 36.
9
Suppose 1792 = -15*m + 31*m. Suppose 0 = -6*f - f + m. Calculate the highest common factor of 152 and f.
8
Let j(z) be the second derivative of 10*z**3/3 + 143*z**2/2 + 41*z. Let m be j(-5). What is the greatest common factor of m and 473?
43
Let z = 140 - 246. Let o = 147 + z. Calculate the highest common divisor of o and 369.
41
Suppose -4 = -905*h + 906*h. Let o be (-1431)/(-106)*h/(-9). Calculate the greatest common divisor of o and 16.
2
Let p be 381/(-7) + 44/(-28) + 2. Let k = p + 58. Calculate the highest common factor of k and 1.
1
Let i be -17 + 16 + (-32172 + 9)*(-2)/6. What is the greatest common factor of 80 and i?
80
Suppose -98*o + 45*o = -54*o + 3. Suppose 540 = 2*s + 2*s. Calculate the greatest common factor of s and o.
3
Suppose -2*o + 49 = -0*o + 5*w, -2 = -o + 2*w. Suppose -4*b + o*b - 168 = 0. What is the greatest common divisor of 14 and b?
7
Let p(z) = -75*z - 77. Let l be p(-4). Let j = 339 - l. What is the highest common factor of j and 203?
29
Let s = -49 + 59. Suppose 0 = 4*d - 20. Suppose 0 = -4*v - f + 30 + 131, 4*v - 165 = -d*f. What is the greatest common divisor of v and s?
10
Suppose 234 = -0*r + 2*r. Suppose -55144*i = -55108*i - 324. What is the greatest common divisor of r and i?
9
Suppose 10 = -13*b + 15*b. Suppose 5*j - 7*x = -b*x + 186, -96 = -3*j - 4*x. Suppose -a = -12 - j. What is the highest common factor of a and 336?
48
Let v(i) = 13*i**2 + 71*i - 81. Let b be v(7). What is the highest common factor of b and 975?
39
Let v(s) = -11*s - 502. Let k be v(-50). Let x = 0 + -15. Let f be (-1126)/(-14) - x/(-35). What is the highest common divisor of k and f?
16
Suppose 4*w - 10*j = -7*j + 74, -2*w + 3*j + 34 = 0. Suppose -5*i - 2*s = 3*s - 420, s = -3*i + 244. Calculate the greatest common factor of i and w.
20
Let z(x) = 149*x + 11. Let d be z(1). Suppose -r = 4*w - 2597, -5*w - 5*r = -d - 3105. What is the greatest common factor of 72 and w?
72
Suppose -2729 = -14*t - 8693. Let c = t - -1154. Calculate the greatest common divisor of 56 and c.
56
Let f = 58 - 38. Let v be (-1244)/(-26) + (3 - 148/52). Suppose v*h - 53*h + 50 = 0. Calculate the greatest common factor of h and f.
10
Suppose 16*d = 23*d - 63. Let z be (-23)/(-207) + 53/d. Suppose -z*r + 177 = 9. What is the highest common divisor of 140 and r?
28
Suppose -n - 6 = 5*n. Let h be (n - 5*-1)/((-3)/(-15)). Let x be (389 + 1)*18/27. Calculate the highest common factor of h and x.
20
Let r be 47/(141/54) + 71118. What is the highest common divisor of 16 and r?
16
Suppose -37*u + 49*u - 72 = 0. Let q be u + 90/(-20) - 45/(-2). Calculate the greatest common factor of q and 12.
12
Let v be (13 - 17 - -228)*(-2)/(-4). Let n = -9 + 13. Suppose 120 + 8 = n*t. What is the greatest common factor of v and t?
16
Suppose a + m = 24, 96 = 3*a - 0*a - 3*m. What is the greatest common divisor of a and 1085?
7
Suppose 701*i - 12360 = 686*i. Calculate the greatest common divisor of 1545 and i.
103
Let t = -3 + 0. Let y be t*33/((-6)/2). Suppose 4*x + i - 536 = 0, -68*i + 66*i + 148 = x. What is the greatest common factor of y and x?
33
Let y be 5 - ((-5)/(15/18) - -10 - 16). What is the greatest common divisor of 1581 and y?
17
Let q(f) = 86*f + 3436. Let g be q(-38). Suppose -6*l + l + 210 = 0. What is the greatest common factor of l and g?
42
Let t(b) = b + 54. Let f(l) = 4*l + 162. Let a(r) = -2*f(r) + 7*t(r). Let n be a(10). What is the highest common divisor of n and 77?
11
Let y be 3 + 14/(-7)*(-1)/2. Suppose 403 = y*n + 375. Suppose -209 = -2*s + 1. What is the highest common factor of n and s?
7
Let j(a) = a**2 + 6*a - 47. Let r be j(-12). Suppose 0 = -r*w + 24*w + 108. Calculate the highest common divisor of 135 and w.
27
Suppose 5*f - 177 = -2*y - 1, -2*y + 32 = f. What is the greatest common divisor of f and 112?
4
Suppose -9*x - 18 = -10*x + 147. Calculate the greatest common divisor of x and 15.
15
Suppose 0 = -45*m + 2947 + 653. Calculate the greatest common divisor of 115 and m.
5
Suppose 3*n = -2*k + 29, 0 = -12*k + 10*k + 2. Let b(l) = -6 + 2*l - 18 + 7. Let y be b(10). What is the highest common divisor of n and y?
3
Suppose 0 = -c + 4*m + 2, -3*c + 2*m = -0 - 36. Suppose 0 = -25*h - 23 + 198. Let i = c + h. Calculate the greatest common factor of 3 and i.
3
Let t be 4*61 + 4/(-4). Calculate the greatest common divisor of 45 and t.
9
Let n(b) = -3*b + 1. Let i be n(-1). Let u(k) = -6*k**2 + 88*k - 53. Let c be u(14). What is the greatest common factor of c and i?
1
Suppose 32 = 4*h, 5*s - 68*h - 97 = -67*h. Calculate the highest common factor of 3234 and s.
21
Let g = -1 - -19. Let v = g - -5. Let p = -22 + v. What is the greatest common factor of 1 and p?
1
Let y(m) = 2*m**2 - m - 30. Let c be y(6). Let t = c + -19. Suppose 3*j = 25 + t. What is the highest common factor of j and 14?
14
Let y = -15805 - -16390. Calculate the greatest common divisor of y and 351.
117
Let u(n) = -9*n**2 + 40*n - 17. Let l(k) = 19*k**2 - 83*k + 35. Let b(g) = -6*l(g) - 13*u(g). Let r be b(8). Calculate the highest common divisor of 72 and r.
9
Suppose 6436 = -42*n + 46*n - 4*g, -13*g = 5*n - 8189. Calculate the greatest common divisor of 3 and n.
3
Let x = -7 + 12. Suppose m = -m + 10. Suppose -3*c + 200 = -z + m*z, 0 = x*z - 25. Calculate the highest common divisor of 12 and c.
12
Suppose o = -5*m + 11499, -4*m - 22*o + 9204 = -26*o. What is the highest common divisor of m and 8?
4
Let q = 15892 + -15852. What is the highest common divisor of q and 8980?
20
Suppose -9*v + 256 - 31 = 0. Suppose -v*b - 3930 = -31*b. What is the highest common divisor of 5 and b?
5
Suppose -t - 3*t = -0*t. Let a = 34 - 11. Suppose t*m - m = -a. What is the highest common factor of m and 23?
23
Let d(c) = 71*c**2 - 342*c - 1. Let o be d(5). Let n = 19 + -11. What is the greatest common divisor of o and n?
8
Let m = 4979 - 4958. Let v(a) = 2*a**2 + a - 1. Suppose 5*r + 0 - 13 = j, 0 = 5*j + 2*r + 11. Let g be v(j). What is the greatest common divisor of g and m?
7
Let k be ((-1081)/(-92) + -14)/((-2)/7656). Calculate the highest common factor of 132 and k.
33
Suppose -2*w =